 v(-4). Let a = -5 + r. Let b = -11 - a. List the prime factors of b.
2
Let p(f) = -f**2 + 1. Let o(s) = 8*s**3 + 3*s**2 - 4. Let q(a) = o(a) + 4*p(a). List the prime factors of q(1).
7
Suppose 0*o - 50 = 5*o. List the prime factors of ((-4)/o)/((-5)/(-25)).
2
Let m(a) = -a**2 + 3*a + 3. Let f be m(5). Let o = 0 - f. Let c = -4 + o. List the prime factors of c.
3
Let k = 5 - 3. Suppose -3*m = k*m - 80. List the prime factors of m.
2
Suppose 2*y - 3*x - 41 = y, 0 = -y + x + 33. What are the prime factors of y?
29
Suppose 22 = 2*s + 4*r, 0 = -3*s + 4*r + 29 + 44. List the prime factors of s.
19
Let o(m) = -2*m**3 - m**2. Let f be o(-2). Suppose 46 + 22 = 4*c. Let b = c - f. What are the prime factors of b?
5
Suppose -4*m + 8 = 0, 0 = 4*k - 0*m - m - 190. Suppose -4*s + 3*r + r + 120 = 0, -5*r = s - k. List the prime factors of s.
3, 11
Suppose 77 = g - 2*q, -3*q - 120 = -2*g + 34. List the prime factors of g.
7, 11
Let a(m) = -m**2 + 25*m + 6. What are the prime factors of a(12)?
2, 3
Let c = 3 - 3. Let p = 1 - c. What are the prime factors of 4/2 - (p + -7)?
2
Let z = 274 + -97. What are the prime factors of z?
3, 59
Let c(p) = p + 10. Let b be c(-7). Let y(j) = 3*j**2 + 11*j + 1. Let q(s) = 5*s**2 + 16*s + 2. Let m(w) = -5*q(w) + 8*y(w). What are the prime factors of m(b)?
13
Let m = 4 - -10. What are the prime factors of m?
2, 7
Let u = 3 + -3. Let c = u + 17. List the prime factors of c.
17
Let b(g) = -18*g + 1. List the prime factors of b(-1).
19
Let u be 4*(-5 + 6/2). Let i = u + 16. What are the prime factors of i?
2
Suppose -4*y = 5*j - 315, 0 = -y + 6*j - 4*j + 69. What are the prime factors of y?
3, 5
Suppose 0 = -5*x + 5*m - 130, 0*x = -2*x + m - 47. Let k = -9 - x. What are the prime factors of k?
2, 3
Let n be (5/(-15))/(2/(-42)). List the prime factors of (-35)/n*18/(-5).
2, 3
Suppose 0 = -2*s - 2, 2*i - 2*s = -1 + 3. Suppose -5*p - 2*y + 157 = 0, p + i*y - 5*y - 26 = 0. What are the prime factors of p?
31
Suppose -4*z + 2*z + 3*k + 370 = 0, 2*z + 4*k - 384 = 0. List the prime factors of z.
2, 47
Let a(m) = -m**2 + 3*m. Let z = 4 + -1. Let q be a(z). Suppose q = 4*u - 5 - 19. List the prime factors of u.
2, 3
Suppose 3*r = 12, 3*k + r = 4*k + 10. Let q(c) = -c**2 - 9*c - 6. Let u be q(k). Let o = u - 8. What are the prime factors of o?
2
Suppose -2 = c - 2*c. Suppose 2*s = -c*b + 2, -5*s + 1 = 2*b - b. Suppose s = n + 3*n - 40. List the prime factors of n.
2, 5
Suppose 5*l = 6*l - 3. Let d(g) = 9*g - 2. What are the prime factors of d(l)?
5
List the prime factors of 18/3*12/9.
2
Suppose -28 = -3*y + 7*y. Let k(g) = 5*g + 7. Let o be k(y). Let j = -15 - o. What are the prime factors of j?
13
Let s be 507/(-91) + 6/(-14). Let j(m) be the third derivative of -m**5/60 - 3*m**4/8 - 2*m**3/3 - m**2. What are the prime factors of j(s)?
2, 7
Let b(n) = 41*n + 2. Let a be b(1). What are the prime factors of 1 + a + (3 - 2)?
3, 5
Let x = 1 - 7. Let c = 4 + x. List the prime factors of (c/4)/(1/(-22)).
11
Suppose -3*u = 2*u - 10. What are the prime factors of ((-1)/u - -1)*52?
2, 13
Suppose -3*z + 29 = -82. Let t = -52 + z. List the prime factors of (6/(-10))/(3/t).
3
Suppose 8*s = 14*s - 156. List the prime factors of s.
2, 13
Let o be 2*(-5)/(-6)*3. Let v = o + 29. What are the prime factors of v?
2, 17
Suppose -7 = 5*g + 3. Let d(c) = -4*c - 3. List the prime factors of d(g).
5
Let h = 6 + -11. Let n = h - -7. List the prime factors of -2*(-3)/n + 10.
13
Let b be -10*(-2)/((-12)/(-9)). Suppose 0 = -2*y + y + b. List the prime factors of y.
3, 5
Suppose -3*r + 72 = 3*r. What are the prime factors of r?
2, 3
List the prime factors of 25/10*(19 - 1).
3, 5
Let t = 14 - 1. List the prime factors of t.
13
Suppose 6*b + 4 = -3*h + b, -2*h - 2*b = 0. Suppose h*k - 4*k - 18 = -2*x, 0 = 4*x - 2*k - 28. List the prime factors of x.
5
Let l(h) = 2*h - 10. Let p be l(8). What are the prime factors of 0 + 15 + 18/p?
2, 3
Suppose -4*u + 174 = 2*w, 2*w = -2*u + 232 - 58. List the prime factors of w.
3, 29
Let f be (-2)/2 - (-7 + 12). Let a = f - -15. List the prime factors of a.
3
Let g(c) = -5*c**3 + 4*c**3 + 3*c**3 - 11*c**2 - 3*c**3 - 6 - 12*c. Let m be g(-10). Suppose -b + 0*b = -m. What are the prime factors of b?
2, 7
Let s = -13 - -22. Let r be (-6)/2*(-2 - -1). Let p = r + s. What are the prime factors of p?
2, 3
Let x = -47 - -126. What are the prime factors of x?
79
Let h(x) = x + 12. List the prime factors of h(3).
3, 5
Suppose 4*c - 145 = -3*o, 3*c - 3*o = 32 + 61. List the prime factors of c.
2, 17
Suppose 556 + 614 = 9*q. What are the prime factors of q?
2, 5, 13
Let m = 79 - -95. What are the prime factors of m?
2, 3, 29
Let k(n) = n. Let a be k(3). List the prime factors of 3 - (-3 + a) - -17.
2, 5
Suppose 0 = 4*s - 6*s. Let c(z) = z**3 - z**2 + 5*z - 3. Let p be c(3). Suppose s = -2*w - 2*w - 2*x + p, 3*w + x = 24. List the prime factors of w.
3
Suppose -4*l + x = -28, 0 = -l - l - x + 14. Let u(k) = k - 5. Let y be u(l). Suppose -m + 18 = 3*m + y*a, -13 = m - 3*a. What are the prime factors of m?
2
Suppose -3*a - 5 + 2 = 0, -g + 5*a + 2 = 0. Let j = 7 + g. Let p(d) = 2*d - 1. What are the prime factors of p(j)?
7
List the prime factors of (-1 - (-475)/10)*2/3.
31
Let t = -103 + 240. What are the prime factors of t?
137
What are the prime factors of (49/(-21))/(1/(-42))?
2, 7
Let x(o) = -o**3 + 13*o**2 - 13*o + 17. Let k be x(12). Suppose 4*n + 18 = d, -k*n - 30 = -10. Suppose d*j - 22 = j. List the prime factors of j.
2, 11
Let z(p) = -23*p - 1. Let x be z(1). List the prime factors of (102/24)/((-2)/x).
3, 17
What are the prime factors of 0 + 64 + 3 + -1?
2, 3, 11
Let p(d) = -5*d - 11. Let l(y) = -y - 2. Let q be (-22)/((0 + 2)/2). Let n(m) = q*l(m) + 4*p(m). What are the prime factors of n(4)?
2
Let m be (-3 + 8/3)*0. Suppose 2*u - 32 = -3*l + 13, 5*l + 3*u - 75 = m. What are the prime factors of l?
3, 5
Let d(n) = 8*n - 1. Let s be d(3). Suppose -z - 43 = -2*j - 3*j, -5*z - s = -j. What are the prime factors of j?
2
Suppose 0 = -4*u + 8, 4*u = v + 2*u + 2. Suppose -3*h + 0 = -6, 0 = -v*z + 5*h. Suppose -12 = 2*c - 2, 0 = 3*w - z*c - 52. What are the prime factors of w?
3
Suppose k = -5*x + 34, -37 = -3*k - 3*x + x. What are the prime factors of k?
3
Suppose x - 3*x - 4*q = 10, -2*x + q + 10 = 0. Suppose -2*n + x*m = -8, 3*n + 4*m + 4 = -n. Let p = 8 - n. List the prime factors of p.
7
Let l(s) = -25*s + 1. What are the prime factors of l(-6)?
151
Suppose -17*z + 18*z - 76 = 0. What are the prime factors of z?
2, 19
Let f = 53 + -18. What are the prime factors of f?
5, 7
Suppose 0 = -u + 87 - 34. List the prime factors of u.
53
Suppose -3*a + 4*q = -0*a - 56, 0 = -4*a - 3*q + 83. Suppose -5*l + 4*c = -a - 8, -2*l + c + 13 = 0. What are the prime factors of l?
2
Suppose 3*b - 12*b = -459. List the prime factors of b.
3, 17
Let c = -3 - -8. Suppose -c*h + 2*g = -g - 48, -5*h = -5*g - 40. List the prime factors of h.
2, 3
Let r(j) = -j**3 + 7*j**2 + 8*j + 9. Let d be r(8). Let a be (-2)/(-4) + (-9)/(-2). Let w = d - a. What are the prime factors of w?
2
Suppose -b + 4 = -3. Suppose -1 = -4*p + b, 5*p + 10 = 5*i. What are the prime factors of i?
2
Let a be 12*(3/(-6))/(-1). Let m = a - 12. What are the prime factors of (m/5)/(1/(-5))?
2, 3
Let k be (-8)/2*(-1)/2. Suppose 0 = 5*f - k*f - 12. Let w = 9 - f. List the prime factors of w.
5
Let w(u) be the third derivative of -u**6/120 - u**5/12 - 5*u**4/24 - u**3/6 + 3*u**2. List the prime factors of w(-4).
3
Suppose 2 = b + 2*s - 13, 4*b + 2*s = 30. Suppose -b*i = -2*r - 11 - 0, -5*i = -25. List the prime factors of r.
7
Suppose -d + 9 = 3*t + 2, -2*t = -2. Let b = 11 + d. What are the prime factors of b?
3, 5
Suppose -v + 2*n - 3*n = 0, -3*v - n + 4 = 0. Suppose v*g - 1 - 3 = 0. What are the prime factors of g?
2
Let a = -1 - -4. Let t be (a - 2)/((-1)/3). Let x(h) = -4*h. What are the prime factors of x(t)?
2, 3
Let y = 1 - -2. Suppose 4*a - 139 = k + 4*k, 2*a - 75 = -y*k. List the prime factors of a.
2, 3
What are the prime factors of 11/((-22)/4) + (252 - 1)?
3, 83
Let g(o) = 2*o**2 - 11*o + 3. What are the prime factors of g(7)?
2, 3
List the prime factors of 2 - (3 + (-4 - 41)).
2, 11
Let j = -5 - -8. Let t be (j + -1)*11 + 0. Suppose h + h - t = 0. List the prime factors of h.
11
